ppose 151 - 391 = 5*h. Let x be -2 - 4*h/4. Let k = 70 - x. What is the units digit of k?
4
Let x(j) = 5*j**2 - 30*j + 1774. What is the tens digit of x(-43)?
0
What is the thousands digit of (15 + 56496/(-72))/(1/(-9))?
6
Let c = 189 - -19. Let o = c + 225. What is the hundreds digit of o?
4
What is the hundreds digit of ((-43596)/(-49))/(259/49 + -5)?
1
Let s = -48 - -49. Let y be (5 - 3) + s + 0 + 0. Suppose -2*l = 6, 5*t - 10 = -y*l - 2*l. What is the units digit of t?
5
What is the thousands digit of ((-161)/14)/((-8)/7904)?
1
Suppose 7*t + 43 = -13. Let d(y) = 1 + 66*y**2 - 67*y**2 - 6 - 11*y. What is the units digit of d(t)?
9
Suppose 6 = -6*c - 18. Let g be ((-2)/5)/(c/10). What is the tens digit of 1 + g + 18 + 5?
2
Suppose -u = -5*f - 17 + 53, 3*u + 4 = 2*f. Let m(z) = 98*z - 146. What is the units digit of m(f)?
8
Suppose 4*r - 151 = -3*g, -4*r + 126 = -0*g - 2*g. Let q be (r/4 + -1)*(-1 - -3). What is the hundreds digit of (3*q/18)/(2/92)?
1
Let j be (-4404)/(-2) + -23 + 28. Suppose 0 = -3*c + i + j, -c + 0*i + 744 = -2*i. What is the hundreds digit of c?
7
Let s = 6558 - -2502. What is the tens digit of s?
6
Let n(v) = -100528*v + 2472. Let l(u) = 407*u - 10. Let d(x) = 1236*l(x) + 5*n(x). What is the hundreds digit of d(1)?
4
Suppose 24 = 4*t + 3*k, -5*t - 2*k = -3*t - 14. Let p = -150 - -365. Suppose -5*j - t*f + f = -362, -p = -3*j + f. What is the tens digit of j?
7
Suppose 3*q + 8*o - 69346 = 9*o, 2*q = 4*o + 46214. What is the units digit of q?
7
Let l be (-1 - -21)*3/4. Suppose 5 = 3*x - r, 4*x = -5*r + l - 2. Suppose d + d = x*k - 134, 4*k + 3*d = 247. What is the tens digit of k?
6
Let t(d) = d - 6. Let c(q) = -q + 17. Let z be c(6). Let i be t(z). Suppose 0 = 2*o + i*x - 32 - 12, -2*x - 28 = -3*o. What is the tens digit of o?
1
Let b(v) = 162*v + 115. What is the hundreds digit of b(7)?
2
Suppose 3*r - 5*d = 425, -3*r - 2*r + 2*d + 740 = 0. What is the tens digit of (4/1)/(1 + (-146)/r)?
5
Let c be 1/1 + 9/9. Suppose 164 = d - 5*o, 4*o + 328 = c*d - o. What is the tens digit of -5 - (-5 + d/(-4))?
4
Suppose -5*t + 70069 = -21*f + 24*f, -f + 23343 = -5*t. What is the units digit of f?
3
Suppose 5*h = -4*u + u - 22, -3*u = 2*h + 16. Let y be 5 + -2 + h - (-27 - -2). Suppose 0 = -w - y + 33. What is the units digit of w?
7
Let r be (-24)/(-12)*((-117)/6 - -1). Let s(i) = -i**3 - 35*i**2 + 31*i + 71. What is the units digit of s(r)?
2
Suppose -5*q = -162 + 62. Let l = -316 + 359. Let n = l + q. What is the units digit of n?
3
Let j(l) = -31*l - 7. Suppose 0 = 2*w + 22 - 2. Let z be 4/w - 322/70. What is the units digit of j(z)?
8
Let v = 389 - 130. Suppose -3*f + 41 = -v. What is the tens digit of f?
0
Let o = -108 - -109. What is the units digit of (-1 - o)*1785/(-6)?
5
Let r be 2 + 1/(4/(-4)). Suppose -f - 5 = -3*u, 4*f - 3 = r. Suppose -4*l = -5*i + 552, u*i - l = 107 + 112. What is the units digit of i?
8
Let t(b) = -2*b + 12 + 15 - 16 + b. Let f be t(11). Suppose s - 59 - 10 = f. What is the tens digit of s?
6
Let f be 133/49 - 6/(-21). Let x(g) = -7 - 5*g**2 + g + 9*g + 4*g**f - 4*g. What is the units digit of x(3)?
4
Suppose -3*w + 167463 = 3*i, -8*w + 7*w - 5*i + 55805 = 0. What is the tens digit of w?
2
Let t be ((-12)/(-8) - 1)*422. Let i = 587 - t. Suppose -5*p = 4*a - 479, 3*p - i = -p + 4*a. What is the tens digit of p?
9
Let k(y) = -24*y**3 - 16*y**2 - y + 375. What is the hundreds digit of k(-11)?
3
Suppose 0 = -5*r + 207 - 62. Let q = 29 - r. Suppose -u - 60 - 107 = -3*a, q = 2*a - 3*u - 123. What is the units digit of a?
4
Let w = -22313 - -34249. What is the tens digit of w?
3
Let i = 14 + 28. What is the hundreds digit of 266*(36/i)/1?
2
Let c = 68 + 154. Let q(i) = -i**3 - 13*i**2 - 31*i - 7. Let h be q(-4). Let y = h + c. What is the units digit of y?
5
What is the thousands digit of 0 + -15*(-7359)/55?
2
Let a(b) = 3*b + 13. Let o be a(-3). Suppose 3*u - 2781 = -3*k, o*k - 3699 = -4*u + 9*k. What is the hundreds digit of u?
9
Suppose 5*z + 11889 = 14*z. Let r = -752 + z. What is the hundreds digit of r?
5
Let t(z) = 589*z + 5. Let n be t(2). Let v = -753 + n. What is the tens digit of v?
3
What is the ten thousands digit of (-1 + 16 + 10532)*-2*(-2)/4?
1
Let q be 2842/(-7) - 3/(2 + 1). Let s = q + 743. Suppose s = 11*b - 511. What is the tens digit of b?
7
Let r = -22 + 28. Suppose -r*o + 11*o = 5. Let k(y) = 87*y**3 - y**2 - y + 1. What is the units digit of k(o)?
6
Let l be -8*(5/(-10))/1. Suppose -l*w + 14 = -26. Let z = -1 + w. What is the units digit of z?
9
Let b(x) = -2*x + 1. Let k(v) = 28*v - 58. Let r(p) = -44*b(p) - 2*k(p). What is the units digit of r(11)?
4
Let a(k) = 12*k**2 - 177*k + 2232. What is the hundreds digit of a(12)?
8
Suppose 9*n - 180 - 9 = 0. Let w = n - 0. What is the units digit of w?
1
Let p be ((-8)/6)/(7 + 16008/(-2286)). Suppose -p = -5*h + 1782. What is the tens digit of h?
5
Suppose -3*r - 14 = -3*c + 4*c, r + 3*c - 6 = 0. Let q(b) = 16*b**2 - 2*b - 39. What is the units digit of q(r)?
9
Suppose z = -5*q + 6*z + 145, 118 = 5*q + 4*z. Suppose q*t - 31*t = -535. What is the units digit of t?
7
Let j(i) = -5*i**2 + 2*i - 19. Suppose -p + 5*d - 32 = 0, -5*p - 15 - 40 = -4*d. Let b be j(p). Let l = b - -423. What is the tens digit of l?
4
Suppose 2*b + 7 = a, 5*b = 5*a - 25 - 15. Suppose 20*k = -22*k + 462. What is the tens digit of 1 - a/k - 10416/(-66)?
5
Suppose z = -3*r + 12, -35 + 11 = -5*z + 3*r. Suppose -9 = -3*h + z. What is the units digit of -108*(-1 - h/15)?
4
Suppose 12*t = 12*t - 155*t + 2355380. What is the hundreds digit of t?
1
Let q = 70 - 68. Let n(y) = -q*y + 11*y + 15 + 0*y**2 + 4*y**2. What is the units digit of n(-7)?
8
Let z be ((-4)/10)/(2*(-7)/(-770)). Let k = z - -84. Suppose -6*s = -548 + k. What is the units digit of s?
1
Let i = 883 - -295. Let u = 1717 - i. What is the tens digit of u?
3
Let r(o) = 2*o**2 - 8*o + 2. Let z(f) = 5*f**2 - 1. Let c be z(1). Let h be r(c). What is the units digit of (66 - h - 0) + -4?
0
What is the tens digit of 43172/4 - (1 + 0 + (-3 - -5))?
9
Suppose 3248 = v + 4*m, -2*v = -3*v - m + 3257. What is the tens digit of v/30*3*(0 - -1)?
2
Suppose -4*j - j - s = -18031, 10813 = 3*j - 5*s. What is the units digit of j?
6
Let r(u) = -10*u + 913. Let x(d) = d**3 + 5*d**2 + 10*d + 24. Let f be x(-4). What is the units digit of r(f)?
3
Suppose -8*p + 7059 = -15461. What is the hundreds digit of p?
8
Let a(o) = 635*o + 178. What is the hundreds digit of a(13)?
4
Suppose -11*u + 7*u = 0. Suppose -6 = -4*a - 3*k, 2*a + a + k - 7 = 0. Suppose q - 5*w - 81 = 0, 4*q - a*w + u*w = 375. What is the units digit of q?
6
Suppose 0*u - 200 = -5*u. Let j = 95 - u. What is the units digit of (j - (-1 - -1)) + -1?
4
Let l(b) = 49*b + 563. What is the tens digit of l(61)?
5
Suppose 4*g + g = o + 49820, -3*g + 29880 = -3*o. Suppose -7562 - g = -17*y. What is the hundreds digit of y?
0
Let z(t) = -15*t**2 - t + 1. Let o be z(-1). Let b = o + 18. Suppose 5*i - h - 289 = 0, -4*h + b*h = -5*i + 291. What is the units digit of i?
8
Let a(n) = 21*n + 10. Let g(i) = i - 2. Let m(o) = -a(o) - 6*g(o). What is the units digit of m(-36)?
4
What is the units digit of (168/126)/(101595/101583 + -1)?
7
Let v(c) = 39*c + 18. Let s(z) = -z**2 - 10*z + 18. Let u be s(-11). Let w be v(u). Let b = w - 105. What is the units digit of b?
6
Let z = -26547 - -68589. What is the tens digit of z?
4
Let s(h) = h**3 - 10*h**2 + 8*h + 8. Let u be s(9). Let z be -9*u/3 - (-2 + -58). Suppose 767 = 5*g - z. What is the hundreds digit of g?
1
Suppose -4*x + 0*s = -4*s - 20, 3*x - 4*s - 17 = 0. Suppose -k - x*k + 16 = 0. Suppose 2*r - 67 = y + k*y, -46 = -r + 5*y. What is the tens digit of r?
2
Suppose -20*t + 21*t = -5*s + 5163, -4*s - 4*t = -4140. What is the tens digit of s?
3
What is the units digit of -14580*(42/49)/((-24)/42)?
0
Suppose -j + 9935 = -3*f, 5*j - 2509 = f + 47166. What is the units digit of j?
5
Let d(q) be the second derivative of 23*q**3/6 + 15*q**2 + q - 30. What is the tens digit of d(4)?
2
Let j = -9993 - -17188. What is the hundreds digit of j?
1
Suppose -4*d = 12 + 4, 4*n = -2*d + 372. Suppose 0 = -3*a - 16*a + n. Suppose -10*m + a*m - 1149 = -4*v, m = -5. What is the tens digit of v?
8
Let a be (-14)/(-49) - (-4)/(-14). Let g(i) = i**3 + i**